7 = 3*o - 10*a - 12, 224 = 4*o + 3*a. Calculate the greatest common divisor of 1325 and o.
53
Let q be (0 + 2 - 4) + 87. Let x = -411976 - -412044. What is the highest common divisor of x and q?
17
Suppose 0 = 7*o - 3*o - 272. Let r(g) = 321*g - 6416. Let z be r(20). Calculate the highest common divisor of o and z.
4
Suppose -20*q + 1998 = b - 16*q, 4*q = 5*b - 10086. Calculate the greatest common divisor of 152 and b.
38
Let t = 617 + -432. Let j = t + -101. Let p(w) = 3*w**2 + 10*w + 8. Let u be p(-6). What is the greatest common divisor of j and u?
28
Suppose 0 = -19*x + 15*x + l + 5, x - 17 = -5*l. Suppose -3*v + q = -227, -2*q + q = -x*v + 152. What is the highest common factor of 6 and v?
3
Let m be (-2)/(-6) - 14/(-3). Suppose -m*s - 25 = -5*k, -2*s + 15 = -5*k - 7*s. Let y be 4920/1599 + (-2)/26. What is the greatest common divisor of k and y?
1
Suppose 29*h = -u + 26*h + 46, 2*u + h = 72. Suppose -2*a - 286 = -3*j + 3*a, 0 = j + 3*a - 114. Calculate the highest common factor of u and j.
34
Suppose -5*j - 1 + 11 = 0, 2*h - 5*j = 68. Let f be 36*(h/9 + -3). Let p be (-16)/4 - (-1 + -27). Calculate the greatest common divisor of f and p.
24
Let o(d) = d**2 + 24*d - 471. Let s be o(-37). Calculate the greatest common factor of s and 5690.
10
Suppose -4*c + 13 = -3. Let t be (2/(-4))/((-3)/6). Let h be t*-2 - (c + -2 - 6). Calculate the highest common divisor of h and 10.
2
Let z(c) = -c**2 + 32*c + 111. Let a be z(20). Calculate the highest common divisor of a and 156.
39
Suppose -5*k + 225 = -140. Suppose 4*v = k + 27. Suppose 3*o - 63 - 687 = 0. Calculate the highest common factor of o and v.
25
Let v be (-20 + 16)*1*10. Let n = v - -80. Calculate the greatest common factor of n and 40.
40
Suppose -3*i + 657 = -2*t + 2304, 2*t = 4*i + 1650. Suppose 0 = p - 4*x - 43, -261 = -4*p - 5*x + 16. What is the greatest common divisor of p and t?
63
Suppose 310699 = 6*n - 46547. Suppose -18838 = 31*m - n. What is the highest common factor of m and 101?
101
Suppose 13974 + 36210 = 102*k. What is the greatest common divisor of 7257 and k?
123
Let z be 14*(-270)/252*-7. Calculate the highest common divisor of 10185 and z.
105
Suppose b - 40 = -b. Suppose -41*l = 11*l + 21*l - 1752. Suppose -l*s + 64 = -b*s. What is the greatest common factor of s and 16?
16
Let p = 8 - 6. Suppose 2*b + 3*f = 3, -5*b = -3*b - p*f + 2. Suppose 0 = n - 4*z - 24, b = -z - z - 10. What is the highest common factor of n and 4?
4
Suppose 5*b = -3*d + 37644, 12*b + d = 14*b - 15062. What is the highest common factor of b and 120?
30
Let m be 10630*(-17)/(-85) + (-4)/3*-3. Calculate the highest common factor of m and 40.
10
Let r = 837 + -791. What is the greatest common factor of r and 7774?
46
Let u be (3 + -2)*(-16)/(-4). Suppose 1115 = 5*f - r + u*r, -5*f = -5*r - 1155. Let b = -116 + f. Calculate the highest common factor of 10 and b.
10
Let x = 1012 - 958. Let h = -49 + 15. Let z = x + h. Calculate the greatest common factor of z and 8.
4
Let l(r) = -r**3 - 6*r**2 - 6*r - 8. Let z be l(-6). Let h = z + -13. Let x = 5004 + -4899. What is the highest common divisor of x and h?
15
Let x = -4651 + 4746. Calculate the greatest common factor of x and 19.
19
Let v be (-893)/(-11) + 10/(-55). Let u be -13 - -12 - (-114)/(-2). Let m = v + u. What is the greatest common divisor of m and 184?
23
Let m be (-17 - -16)*3*-14. Suppose -38*b - 156 = -m*b. What is the highest common factor of 52 and b?
13
Suppose -60 = -4*y + 2*w, -21*y + 16*y - 2*w = -84. Let x be (18/(-27))/((-2)/12). Calculate the highest common divisor of y and x.
4
Let g(q) = 2*q**2 + 101*q - 810. Let s be g(10). What is the greatest common divisor of s and 8720?
80
Let x(u) = 580*u - 552. Let p(w) = -53*w + 50. Let y(k) = -32*p(k) - 3*x(k). Let f be y(0). Calculate the highest common factor of f and 448.
56
Suppose -76*a = -130*a + 11178. Calculate the highest common divisor of a and 5451.
69
Suppose 19 = 5*s - 3*n - 0*n, 1 = -s + 3*n. Suppose -s*h + 1833 = 3*g, -1099 = -3*h - 64*g + 62*g. Calculate the greatest common factor of 41 and h.
41
Let a(j) = -j**3 - 13*j**2 + 14*j + 5. Let g be a(-14). Suppose -b - 23 = -k, 0*b = -g*k + 3*b + 115. What is the greatest common factor of 299 and k?
23
Let i(u) = u**3 + 61*u**2 - 12*u - 82. Let n be i(-61). Calculate the highest common divisor of n and 100.
50
Let s = -602 + 1723. Calculate the highest common factor of 59 and s.
59
Suppose -82 - 823 = -29*l + 81. Calculate the highest common factor of l and 2737.
17
Let v(o) = o + 38. Suppose 2*h - 61 = 3*i, 4*i - 2*h = -3*h - 63. Let j be v(i). Let x be 18/j*(-4 - -1*95). Calculate the greatest common divisor of 6 and x.
6
Suppose 101*w - 16905 = -60*w. What is the greatest common divisor of 230 and w?
5
Let c(g) = 5*g - 2*g**2 + 3*g**2 + 76 + 3*g**2 + 0*g**2 - 93. Let p be c(3). Calculate the greatest common divisor of p and 782.
34
Let f be 3405/(-227) + -1 + 565. Let a(r) = -r**3 + 5*r**2 + 2*r - 6. Let t be a(4). What is the highest common factor of f and t?
9
Let k(b) = -b**3 - 9*b**2 - 25*b + 14. Let x be k(-8). What is the highest common factor of 1300 and x?
50
Suppose -347 = n - 343, 2*n + 638 = 2*l. What is the greatest common factor of 840 and l?
105
Suppose 53*l - 12792 = 12*l. What is the highest common divisor of 676 and l?
52
Suppose 5*x - 65 = -5*l, -20 = -3*x - 4*l + 18. Let c = -318 - -326. Let y(k) = 2*k**2 - 15*k - 6. Let b be y(c). What is the greatest common factor of b and x?
2
Suppose -v - 5*k - 4 = 0, -2*v = -0*v + 2*k - 8. Suppose 0 = v*a - a - w - 282, 0 = 4*a + 5*w - 243. What is the highest common factor of a and 627?
57
Let q be 1747/3 - (12/(-126))/((-1)/(-7)). Calculate the highest common divisor of 737 and q.
11
Suppose 0 = 49*m - 33*m - 5952. Let i = m + -53. Calculate the greatest common divisor of 29 and i.
29
Let y(v) = 4*v**2 + 291*v + 226. Let g be y(-72). What is the greatest common factor of g and 755?
5
Let y(j) = -5*j - 6. Let g be y(-2). Let r be 1/(-2) + (-118)/g. Let n be (5 - r/(-12))/(2/68). What is the greatest common divisor of 17 and n?
17
Suppose 3*b = o + 212, -o + 0*o = -4*b + 283. Suppose s - 2*m = 221, -4*s + m - 3*m = -844. Calculate the highest common factor of b and s.
71
Let v(b) = -318*b**3 + 9*b + 10. Let u be v(-1). What is the highest common factor of u and 116?
29
Suppose -2*t - 210 = -310. Let p be ((-100)/35)/((-4)/42). Calculate the greatest common factor of t and p.
10
Suppose -212 = -2*m + 2*l, 4*m - 452 = -2*l - l. Suppose 0 = -2*u + 4*x + 896, 3*u - 2*x + 3*x - 1316 = 0. Calculate the highest common factor of u and m.
110
Let n be 16601/(-78) + -5 + (-2)/12. Let w be -5 + (-1 - n/(-6 - -7)). Calculate the greatest common factor of 4 and w.
4
Suppose 76 = 5*u - 1464. Let v = 251937 + -251895. What is the greatest common factor of v and u?
14
Let p(t) = -38*t + 29*t + 4*t**2 - 12 - 3*t**2. Let a be p(12). Let u = -2 + a. What is the highest common divisor of 11 and u?
11
Let u be 10/30*(-1 + 58). Suppose -4*o = -5*j + u, 3*j - 3*o = 9 + 3. Calculate the greatest common divisor of j and 17.
1
Suppose 0 = -l - 10 + 26. Let p be 1/(-4) + 84/l. Suppose p*d - 41 = 2*g, -2*g + 3*g = -5*d + 47. Calculate the highest common divisor of d and 1.
1
Let u = -5651 + 8870. Calculate the highest common factor of u and 174.
87
Let t(i) = -i**3 - 17*i**2 + 34*i + 56. Let n be t(-19). Calculate the highest common factor of n and 825.
33
Suppose -5*r - x + 4612 = 0, 1388*x + 4628 = 5*r + 1387*x. What is the greatest common factor of 36 and r?
12
Suppose 2*g + 5*b = 5824, -3*g - 180*b = -175*b - 8721. Calculate the greatest common divisor of 1 and g.
1
Let q(c) = 7*c**2 + 3*c - 1. Let y be 5 + 1 - 1 - (1 - 0). Suppose y*n - 6*n + 2 = 0. Let i be q(n). What is the greatest common factor of 117 and i?
9
Let m = -61 + 381. Let v = m - -48. Calculate the highest common factor of 16 and v.
16
Suppose 3*n + 3*c + 587 = 10856, -2*n + 6840 = -4*c. Calculate the highest common factor of 58 and n.
58
Let r = 645 + 697. Let o be 25/75*22*3. Calculate the greatest common divisor of r and o.
22
Let d be 462*((-69)/(-2))/23. Suppose 3*w = 2*w + 63. Calculate the highest common factor of w and d.
63
Let l(y) = -3*y**3 + y**2 - 4*y + 2. Let v be l(3). Let m = 131 + v. Suppose -662*g 